5
Let f(q) = q**2 - 8*q + 7. Let m be f(7). Suppose 40 = 2*y - 2*g, 3*y + m*g - 60 = -3*g. What is the units digit of y?
0
Let m = 218 + -155. What is the units digit of m?
3
Suppose 3*o = -15, 0*o - 3*o - 418 = -l. What is the units digit of l?
3
Let r(o) = -o**2 + 7*o - 6. Let s be r(6). Let h be (-1 - s)/((-1)/2). What is the units digit of (-2)/(h/4*-1)?
4
Suppose -91 = -l + x, -l - 3*x + 9 = -90. What is the tens digit of l?
9
Suppose 4 = 5*o - 61. What is the tens digit of o?
1
Suppose 3 = -j + 5. Suppose j*s = -1 - 3. Let u(q) = -2*q. What is the units digit of u(s)?
4
What is the tens digit of 1*93/(-6)*-8?
2
Let t = -12 - -16. Let w(x) = 6*x - 1. What is the tens digit of w(t)?
2
What is the units digit of 4/(-10) + (-98)/(-70)?
1
Let o(t) = -9*t + 33. Let n(y) = -5*y + 17. Let b(r) = -11*n(r) + 6*o(r). What is the units digit of b(-8)?
3
Suppose -4*n - 5*s = -2, 2*n - 5*n + 3 = 3*s. What is the units digit of n?
3
Let h be 247/(-7) - (-18)/63. Let s = h - -6. Let j = 40 + s. What is the units digit of j?
1
Let f = -8 - -17. Let c = f + -26. Let a = -2 - c. What is the tens digit of a?
1
Let j = 8 + -4. What is the units digit of j?
4
Let p be -4 + -3 + (1 - -1). What is the tens digit of 267/15 + (-1)/p?
1
Let x(i) = -4*i - 11. Let o(d) = -3*d - 10. Let z(k) = 6*o(k) - 5*x(k). Let n be z(7). Let t = -6 + n. What is the units digit of t?
3
Suppose 0*o - z = -o + 63, 4*z = 2*o - 134. What is the tens digit of o?
5
Suppose p - 3*p + 10 = 0, -u + p = 2. Suppose u*a + 11 = 44. What is the units digit of a?
1
Suppose -3*p + 6*p + 5 = -w, -5*w + p = 25. Let n(v) = v**3 + 5*v**2 - 8*v - 1. Let h be n(-6). Let k = h - w. What is the units digit of k?
6
Suppose -5*n = 2*d - 0 - 9, n + 5*d = -12. What is the units digit of n?
3
Let o(b) = b**3 + 6*b**2 + 3*b + 3. Let p be o(-6). Let x = 28 + p. What is the units digit of x?
3
Let m(x) be the first derivative of -x**4/4 + 5*x**3/3 - 3*x**2/2 - x + 1. Suppose -z = -2*s + 11, -s = 4*s - 3*z - 29. What is the units digit of m(s)?
3
Let y(t) be the second derivative of -t**5/20 - t**4/2 - 7*t**3/6 - 5*t**2/2 - t. What is the units digit of y(-5)?
5
Let h(c) = -3*c - 4. Let g be h(-3). Suppose -g*b + 91 = -0*b - 2*w, -5*w - 9 = -b. What is the tens digit of b?
1
Let v(m) = -m**3 - 9*m**2 + 8*m - 3. Let l be v(-10). Suppose 3*k + 30 = 3*y, 0 = y - 4*k - 5 - l. What is the units digit of y?
6
What is the tens digit of 4/(1/7 + 0)?
2
Let q = -6 + 9. What is the units digit of q?
3
Suppose n - 8 = -0*n. What is the units digit of n?
8
Let n = 26 - 86. Let z = n + 15. What is the units digit of ((-8)/(-10))/((-6)/z)?
6
Suppose 3*b - 6*b - 6 = 0. Let i be (0/1 + b)*-1. Suppose -7 = -i*x + 17. What is the tens digit of x?
1
Suppose 3 = 2*x + 27. Let y = x + 30. Suppose 5*d - y = 2*d. What is the units digit of d?
6
Let i be 3/(-6)*(-14)/(-1). Let z = -4 - i. Suppose -y + 1 + z = 0. What is the units digit of y?
4
Let u(n) = 2*n + 3. Suppose 0 = 2*o - 3*b + b - 6, -4*o + 3*b + 14 = 0. What is the units digit of u(o)?
3
Suppose 5*o - 3*o = 6. Suppose o*x = 8*x - 40. What is the units digit of x?
8
Let w = 12 + -12. Suppose 2*l - 28 = -w*l - 3*h, h + 44 = 2*l. What is the tens digit of l?
2
Suppose 126 = 10*b - 8*b. What is the units digit of b?
3
Let q be (3/(-3))/((-2)/(-4)). Let i be -1 - (0 + q + 1). What is the units digit of -1*((-9)/3 + i)?
3
Suppose 0 = 2*c - 5*c - 18. Let n(h) = h**3 + 6*h**2 - 2*h - 3. What is the units digit of n(c)?
9
Let y(j) = 31*j**2 - 3*j + 2. What is the hundreds digit of y(2)?
1
Let z(h) = 29*h**2 - 2*h. What is the hundreds digit of z(-3)?
2
Suppose -2*v = 4, -l = 2*l - v - 1286. What is the tens digit of l?
2
Suppose -g = -5*g + 16. Suppose t - 9 = -g. Suppose 1 + t = 2*o. What is the units digit of o?
3
Let q be 1 - 0 - (1 - -2). What is the units digit of 2/q - (-4 - 0)?
3
Suppose 0 = 5*c + 2*l - 466, -c + 89 = -3*l + 2*l. What is the units digit of c?
2
Suppose -3*c + 5*j = -1325, 4*c - 2*c + 3*j - 915 = 0. What is the tens digit of c?
5
Suppose -4*c - 49 = -t, -88 = t - 3*t + 3*c. Suppose 5*i - 74 - t = 0. What is the tens digit of i?
2
Suppose 42 = f - 22. Suppose -y = 5*j - f, -j + 52 = 2*j + 4*y. What is the tens digit of j?
1
Suppose 0 = 5*o - 10*o + 20. Let l = 8 - o. What is the units digit of l?
4
Let l(g) = -4*g**2 + 5*g - 2. Let y(c) = -9*c**2 + 9*c - 5. Let s(f) = -5*l(f) + 2*y(f). What is the tens digit of s(-3)?
3
Let z be 94/6 - (-2)/(-3). Suppose -3 - 27 = 2*d. What is the units digit of (-39)/d - (-6)/z?
3
Let b = -5 + 10. Let m = b + 0. Suppose -m*l + 31 + 9 = 0. What is the units digit of l?
8
Let d be 25/9 + (-4)/(-18). Suppose -2*f + 14 = -0*f. Suppose 36 = -d*m + f*m. What is the units digit of m?
9
Suppose 28 = 3*z - 95. What is the units digit of z?
1
What is the units digit of (-2)/((-4)/4*2)?
1
Let d be (-4)/(2/(-4)*4). Suppose -h + d*h - 26 = 0. What is the units digit of h?
6
Suppose -2*h - 311 = -3*d, h - 3*h + 545 = 5*d. What is the hundreds digit of d?
1
Suppose 2*z = -2*z + 12. Suppose -z*r - 14 = -5*g, -2*r = -5*g + 3 + 13. What is the units digit of r?
2
Let u be -5*7/((-105)/(-6)). Suppose -3*r + 5*f + 1 = 0, 2*r + 2*f - 2 = 4*r. What is the units digit of -1 - r - (-2)/u?
1
Let z = 348 + -113. What is the tens digit of z?
3
Let d = -1 - -19. What is the tens digit of d?
1
Suppose 3*f = 3 + 18. Let d = -2 + f. Suppose 0 = -d*n + 8 + 22. What is the units digit of n?
6
Suppose -7*c + 11*c = 20. What is the units digit of c?
5
Let w(h) be the second derivative of -3/2*h**2 + 0 + 1/2*h**3 + h + 1/20*h**5 + 5/12*h**4. What is the units digit of w(-3)?
6
Let a be 6/(-27) + (-112)/(-18). Suppose 0 = -a*y + y + 25. Suppose y*c - 8 = c. What is the units digit of c?
2
Suppose 0 = -5*z - 10, z = 3*i - 56 - 42. Suppose 0 = 2*t + k - 29, 0*t + 2*t + 4*k = i. What is the units digit of t?
4
Suppose 0 = -h - 2*k + 69, 136 = 2*h - 4*k + 6*k. What is the units digit of h?
7
Suppose f = 5*f + 84. Suppose -5 - 4 = 3*s. What is the tens digit of s + 0 - (f - -2)?
1
Suppose 0 = -2*q + 3*t - 1 - 2, q + t = 11. What is the units digit of 26/6 + q/(-18)?
4
Suppose -5*d - 22 - 18 = -h, 11 = -3*d - 2*h. Let w = d - -11. Let y = w - -1. What is the units digit of y?
5
Let l(q) = -q**3 + 7*q**2 + 3*q - 15. What is the tens digit of l(6)?
3
Let a(h) = -h**3 - 6*h**2 - 4*h + 7. Let n be a(-5). Suppose -n*r + 24 + 4 = 0. What is the tens digit of r?
1
Let y be (-4)/8*(-6 - -2). Suppose 2*m = -y*s + 10, 4*m = 3*s + 4 + 2. What is the units digit of s?
2
Let w(m) be the third derivative of m**6/120 + m**5/30 - m**4/6 + 3*m**2. What is the units digit of w(-3)?
3
Suppose 0 = -0*b + 2*b - 68. Let x be (-14)/35 - b/(-10). Suppose 3*z + 33 = 2*i, 0 = -x*i + 4*i - z - 14. What is the units digit of i?
9
Let k(g) = 2*g**3 + 13*g**2 - 5*g + 8. What is the tens digit of k(-6)?
7
Suppose -1 + 6 = s. Let o(r) = 2*r**2 - 7*r + 7. What is the units digit of o(s)?
2
Let a = -2 + -7. Let m = a + 9. Suppose -2*y + m + 28 = 0. What is the tens digit of y?
1
Let k = -38 - -56. Let p = k + -10. What is the units digit of p?
8
Let h(v) = v**3 - 2*v**2 + v + 2. Let s be h(3). Suppose 5 = 4*k + 5*g, -k - 5*g + 4 - s = 0. What is the units digit of k?
5
Let p = 2 - -2. Suppose -p*g + 72 = -24. What is the units digit of g?
4
Let l(z) = -z**3 - 5*z**2 + 6*z + 8. What is the units digit of l(-6)?
8
Let m be (2 + 0)/(1 + 0). Let f be 2/1 + 2/1. Suppose -f*g + m*g = -2. What is the units digit of g?
1
Suppose k = 3*k + 4. What is the tens digit of 24 - 9 - (-1 - k)?
1
Suppose 0*r + 95 = t - r, -91 = -t + 5*r. What is the units digit of t?
6
Let d(h) be the second derivative of -4*h**3/3 + 3*h**2/2 - 2*h. What is the tens digit of d(-3)?
2
Let d = -15 + 15. Let w(z) = 5*z + 3 - z**2 - 4*z + 0*z**2. What is the units digit of w(d)?
3
Suppose 13*y - 3076 = 1487. What is the hundreds digit of y?
3
Let t = 62 + -43. Let u = t - -13. What is the units digit of u?
2
Let p(j) = j**2 - 1. Let c be p(-4). Let o be 3 + (-2)/((-2)/1). Let b = c - o. What is the units digit of b?
1
Let b(g) = 4*g**2 - 5*g. Let s(h) = -7*h**2 + 9*h. Let i(w) = 11*b(w) + 6*s(w). Let u(p) = -p**3 - 6*p**2 - 1. Let f be u(-6). What is the units digit of i(f)?
3
Let a = -39 + 101. What is the tens digit of a?
6
What is the